 j = -9 + 16. Suppose -j = -5*u + 18. Let y(g) = 2*g**2 - 12*g + 1. Let b be y(9). Calculate the greatest common factor of u and b.
5
Let m be (-2)/(1 - -1)*-93. Let a = m - 64. Let f = -19 + a. What is the highest common factor of f and 90?
10
Suppose p + 0*p + 30 = 5*z, 3*z - 18 = 3*p. Let u = z - 3. Suppose 0 = 3*x - b - b - 4, x = 3*b - 1. What is the highest common divisor of x and u?
1
Let d(l) = -l**3 + 8*l**2 - 13*l + 4. Let v be d(4). Let u = 216 + -40. What is the highest common divisor of v and u?
16
Suppose 0 = -3*w + 507 + 450. Calculate the greatest common factor of w and 29.
29
Let s = 62 - 44. What is the greatest common factor of 18 and s?
18
Let w be 511/35 + (-4)/(-10). Calculate the highest common factor of w and 3.
3
Let z = 36 - -12. Let y = -20 + z. What is the highest common factor of y and 7?
7
Let s be 12 - (3 + 9/(-3)). Let n(i) be the second derivative of 5*i**3/2 - 3*i**2 + 2*i. Let b be n(6). What is the highest common factor of b and s?
12
Let l(w) = w + 32. Let h be l(0). Let x = h - 18. Let b be ((-44)/6)/((-3)/63). Calculate the highest common divisor of x and b.
14
Let b = -2 + 7. Suppose -3*o = -0*o - 2*h - 46, -b*h = 5*o - 85. What is the greatest common divisor of o and 24?
8
Suppose 3*d - 8*p + 3*p - 65 = 0, 4*p = -5*d + 133. Calculate the highest common divisor of d and 225.
25
Let i be 6*(1 - 4/(-6)). Let y be i/4*8/10. Let j = -3 - -5. Calculate the highest common divisor of y and j.
2
Suppose 2*u + 5*w + 20 = 0, u + 0*w = -5*w - 20. Suppose -z - 15 = -u*v + v, -5*v = -3*z - 85. Let k = z + 37. What is the greatest common divisor of 119 and k?
17
Let m be -5*((-40)/(-25) - 2). Calculate the highest common divisor of 7 and m.
1
Let i = 20 + -19. Let r(b) = b**2 + b. Let j be r(-2). Let g = j - i. What is the highest common divisor of g and 9?
1
Let o(p) = 2*p**2 + 17*p + 5. Let c be o(-20). Calculate the greatest common factor of c and 31.
31
Let r be ((-81)/(-6))/((-3)/(-30)). What is the highest common divisor of 15 and r?
15
Suppose 53 = 2*w + 27. Calculate the highest common factor of w and 26.
13
Suppose 5*a - 61 = 24. What is the greatest common factor of a and 119?
17
Let c = 8 - 6. Suppose w - 8 = 3*w + c*n, 0 = -4*w - 5*n - 21. Let x = w - -19. What is the greatest common divisor of 180 and x?
20
Let m(n) = n**3 - 11*n**2 + 16*n + 19. Let z be m(9). What is the greatest common factor of 5 and z?
1
Let o(k) = 3*k**2 - 1 - 3 + k - 2*k**2. Let y be o(3). Let b be 2/(-4)*((-20)/(-5) - 20). What is the greatest common factor of y and b?
8
Let c = 168 + -154. Let h be (-2 - 1/(-1)) + 15. What is the greatest common factor of h and c?
14
Let w(b) = 2*b**2 + 9*b**2 - 19 + 2*b - 10*b**2 + 4*b. Let a be w(-13). Calculate the highest common divisor of 18 and a.
18
Let t be (-6)/(-9) - (-46)/3. Let g be (-2)/(-3)*-3 + 6. Suppose 0 = -2*n - g*h + 104, 0 = n + n + 2*h - 100. What is the greatest common divisor of t and n?
16
Let t = 2 - -14. Let l be (3/(-2))/((-12)/t). Suppose -y + l*y = 48. What is the greatest common divisor of 16 and y?
16
Let h = -105 + 117. What is the highest common divisor of 324 and h?
12
Suppose -4*z + 35 = 2*a - 5*z, -4*a + 52 = 4*z. Let n(c) = c**2 + 10*c. Let s be n(8). Calculate the highest common divisor of s and a.
16
Let q = 21 + -15. Calculate the greatest common factor of q and 6.
6
Suppose s = -5*k + 2*k + 42, -3*k - 66 = -2*s. Calculate the greatest common divisor of s and 12.
12
Let d = 3 - -9. Suppose 0 = -2*c + 22 + 2. Calculate the highest common factor of c and d.
12
Let g(a) = 10*a - 4. Let c be g(1). Calculate the greatest common divisor of c and 6.
6
Suppose 4*d - 21 = 3*d. Calculate the highest common factor of 35 and d.
7
Suppose 5*a + 3*z - 110 = -0*z, -2*a - 4*z + 44 = 0. Suppose -27 = -5*g - 2*p, -6 = 4*g + 3*p - a. Calculate the greatest common factor of g and 49.
7
Let p = -18 + 25. Let u be (7/(p/(-18)))/(-1). Calculate the greatest common divisor of 6 and u.
6
Let s be (-1 + 0)/(10/(-70)). What is the highest common divisor of s and 14?
7
Let k = 21 + -7. Let a be 28/8*3*6. Let p be (-20)/(-3)*a/6. What is the highest common divisor of p and k?
14
Suppose -j + 59 = 5*y, -5*y + 40 = -2*y - 4*j. Calculate the highest common divisor of y and 30.
6
Suppose 0*f = -7*f + 112. Calculate the greatest common divisor of f and 24.
8
Suppose 5*n - 138 = 2*n. Suppose s - 22 = n. Suppose 0 = 5*i - 52 - s. What is the highest common divisor of 48 and i?
24
Suppose 0 = -3*c - c + 800. Suppose 4*x + z = -0*z + 215, 4*x = 4*z + c. Suppose -j + x = 15. Calculate the greatest common divisor of j and 95.
19
Let n(v) = 2*v - 4 - 10*v + 0. Let d be n(-4). Suppose 12 = 2*j + j. What is the greatest common factor of j and d?
4
Let z(i) = -4*i + 3*i + 10 - i**2 - 3*i - 5*i. Let t be z(-7). Calculate the highest common factor of t and 8.
8
Let h = -18 + 30. Let q(i) = 2*i + 1. Let l(n) = -n**3 + 10*n**2 + n - 9. Let j be l(10). Let z be q(j). Calculate the greatest common divisor of z and h.
3
Suppose 33 = 7*t - 3*t + 5*o, t - 2*o = -8. Let j be 4*((-6)/4 + t). Calculate the greatest common divisor of j and 2.
2
Let c(l) = 5*l**2 - 3*l - 17. Let q be c(8). Calculate the greatest common divisor of q and 31.
31
Suppose 3*o + o + 340 = 5*k, 5*k - 2*o - 350 = 0. Let q be (-2)/(2 - 4) - 33. Let u = -23 - q. What is the highest common factor of k and u?
9
Suppose -z = 4*z - 20. Suppose z*g = 2*g + 8. Calculate the highest common factor of g and 4.
4
Let s be (0 - -1)/((-2)/(-62)). Suppose 0 = -8*v + 10*v - 128. Let z = v - s. What is the highest common factor of z and 3?
3
Let i = -2 - -20. Let f = -5 + 32. Calculate the highest common divisor of i and f.
9
Let y(u) = 3*u**2 + 2*u - 1. Let a be 0/(0 + 1) - -2. Let c be y(a). Suppose -4*j + 21 = -19. What is the greatest common divisor of j and c?
5
Let k be (-3)/6*0/(-1). Suppose -q + 3*q - 30 = k. Suppose 4*r + 5*v - 30 = 0, 0*v + 5*v + 60 = 5*r. Calculate the highest common divisor of q and r.
5
Let u = 0 - -1. Let a = -5 - u. Let j(p) = -p**3 - 2*p**2 + 2*p + 3. Let d be j(a). Calculate the highest common divisor of d and 15.
15
Suppose -5*v + 9 = -2*v. Calculate the highest common divisor of v and 27.
3
Suppose -4*u + 3*u = -2. Let v be (1/4)/(u/8). Calculate the greatest common factor of 3 and v.
1
Let c = -97 + 157. Let f = 29 - 17. What is the highest common divisor of f and c?
12
Suppose -j + 140 = -6*j. Let w = -16 - j. What is the highest common factor of w and 96?
12
Suppose -14 = -7*d - 7. Suppose -2*p = -4*c - 6*p + 40, 0 = p + 1. What is the highest common factor of d and c?
1
Suppose 5*j - 596 - 444 = 0. Calculate the highest common divisor of j and 26.
26
Suppose 9 + 3 = 3*p, 44 = 2*c - p. What is the greatest common factor of 168 and c?
24
Let k(u) be the second derivative of u**3/3 - u**2/2 - u. Let p be k(5). Let b be 44 - ((-3)/1 - -2). Calculate the greatest common factor of b and p.
9
Let q(c) = -2*c + 44. Let i be q(0). Calculate the greatest common factor of 88 and i.
44
Let t(l) = l**3 + 3*l**2 - 3*l + 4. Let a be t(-4). Suppose -5*b + 21 + 154 = a. Suppose -2*h + 6 = -4. Calculate the greatest common divisor of h and b.
5
Let x(b) = b**2 - 5*b - 2. Let a be x(6). Let m(n) = n + 1. Let j be m(a). What is the highest common divisor of 5 and j?
5
Suppose -3*z + 5 = 2*z. Let v be (-16 + -5)/(-1*z). What is the highest common divisor of 105 and v?
21
Let t = 20 - 13. What is the greatest common divisor of 56 and t?
7
Suppose -4*v = c - 36, 3*v = v - c + 16. Calculate the greatest common divisor of 2 and v.
2
Suppose 3*x - 6 = -4*v + 2*v, 0 = -x + 3*v - 9. Suppose -9 + x = -3*r. Let q(f) = f + 1. Let o be q(5). What is the greatest common divisor of o and r?
3
Let h(m) = 4*m**2 + 3*m - 5. Let u be h(3). Suppose -3*v + 7*v + u = 5*k, v = -k + 17. What is the highest common divisor of k and 12?
12
Suppose -2*n + 4 = -0*n. Suppose n = p - 5*w - 6, -5 = 5*w. Suppose -b - 5*j = -5*b + 41, p*j + 21 = 2*b. Calculate the greatest common divisor of 6 and b.
3
Suppose 8*v = 43 + 53. What is the highest common divisor of 4 and v?
4
Let m be 3/(6*(-3)/192). Let y = m - -46. What is the greatest common divisor of y and 42?
14
Let m be 6*4 + 8/4. Let f be (((-156)/9)/2)/((-2)/15). Calculate the highest common factor of f and 